e the prime factors of 1063?
1063
What are the prime factors of 1013?
1013
What are the prime factors of 52366?
2, 26183
List the prime factors of 787.
787
List the prime factors of 86611.
7, 12373
What are the prime factors of 2227?
17, 131
List the prime factors of 12259.
13, 23, 41
List the prime factors of 206001.
3, 47, 487
What are the prime factors of 1864?
2, 233
What are the prime factors of 125228?
2, 31307
What are the prime factors of 19217?
11, 1747
List the prime factors of 12495.
3, 5, 7, 17
What are the prime factors of 865?
5, 173
What are the prime factors of 16676?
2, 11, 379
What are the prime factors of 6406?
2, 3203
List the prime factors of 7394.
2, 3697
What are the prime factors of 4330?
2, 5, 433
List the prime factors of 15277.
15277
What are the prime factors of 100401?
3, 7, 683
What are the prime factors of 8874?
2, 3, 17, 29
What are the prime factors of 168583?
263, 641
What are the prime factors of 5476?
2, 37
List the prime factors of 1377.
3, 17
List the prime factors of 91641.
3, 11, 2777
List the prime factors of 623.
7, 89
List the prime factors of 432.
2, 3
List the prime factors of 65104.
2, 13, 313
What are the prime factors of 1641?
3, 547
What are the prime factors of 3113?
11, 283
What are the prime factors of 25757?
43, 599
List the prime factors of 1775.
5, 71
What are the prime factors of 2100?
2, 3, 5, 7
List the prime factors of 90.
2, 3, 5
What are the prime factors of 2523?
3, 29
List the prime factors of 46026.
2, 3, 2557
List the prime factors of 521.
521
What are the prime factors of 2114?
2, 7, 151
List the prime factors of 11042.
2, 5521
List the prime factors of 71741.
71741
What are the prime factors of 10595?
5, 13, 163
What are the prime factors of 29016?
2, 3, 13, 31
List the prime factors of 3301.
3301
What are the prime factors of 2766?
2, 3, 461
What are the prime factors of 25059?
3, 8353
What are the prime factors of 3388?
2, 7, 11
What are the prime factors of 5181?
3, 11, 157
List the prime factors of 8722.
2, 7, 89
List the prime factors of 4429.
43, 103
List the prime factors of 577.
577
What are the prime factors of 10078?
2, 5039
What are the prime factors of 1838?
2, 919
List the prime factors of 26234.
2, 13, 1009
List the prime factors of 4983.
3, 11, 151
List the prime factors of 7514.
2, 13, 17
List the prime factors of 10034.
2, 29, 173
What are the prime factors of 6696?
2, 3, 31
List the prime factors of 16710.
2, 3, 5, 557
What are the prime factors of 581?
7, 83
List the prime factors of 1239.
3, 7, 59
What are the prime factors of 1549?
1549
What are the prime factors of 9308?
2, 13, 179
List the prime factors of 108390.
2, 3, 5, 3613
What are the prime factors of 1222?
2, 13, 47
What are the prime factors of 623?
7, 89
List the prime factors of 132135.
3, 5, 23, 383
List the prime factors of 8248.
2, 1031
What are the prime factors of 3983?
7, 569
List the prime factors of 13388.
2, 3347
What are the prime factors of 2379?
3, 13, 61
What are the prime factors of 13869?
3, 23, 67
What are the prime factors of 2020?
2, 5, 101
List the prime factors of 3275.
5, 131
List the prime factors of 115639.
197, 587
What are the prime factors of 3595?
5, 719
What are the prime factors of 4030?
2, 5, 13, 31
List the prime factors of 5537.
7, 113
List the prime factors of 20272.
2, 7, 181
List the prime factors of 1076.
2, 269
What are the prime factors of 8808?
2, 3, 367
What are the prime factors of 165525?
3, 5, 2207
List the prime factors of 2037.
3, 7, 97
What are the prime factors of 20980?
2, 5, 1049
What are the prime factors of 1488?
2, 3, 31
List the prime factors of 5334.
2, 3, 7, 127
What are the prime factors of 41653?
23, 1811
What are the prime factors of 847?
7, 11
List the prime factors of 2278.
2, 17, 67
What are the prime factors of 5724?
2, 3, 53
What are the prime factors of 2488?
2, 311
List the prime factors of 6484.
2, 1621
What are the prime factors of 58464?
2, 3, 7, 29
What are the prime factors of 148936?
2, 18617
List the prime factors of 119266.
2, 7, 1217
List the prime factors of 2539.
2539
List the prime factors of 293.
293
List the prime factors of 269.
269
What are the prime factors of 2583?
3, 7, 41
What are the prime factors of 1005?
3, 5, 67
What are the prime factors of 47988?
2, 3, 31, 43
What are the prime factors of 11828?
2, 2957
List the prime factors of 76396.
2, 71, 269
What are the prime factors of 1250?
2, 5
List the prime factors of 9606.
2, 3, 1601
What are the prime factors of 42202?
2, 21101
List the prime factors of 3018.
2, 3, 503
What are the prime factors of 195?
3, 5, 13
What are the prime factors of 86776?
2, 10847
What are the prime factors of 6148?
2, 29, 53
List the prime factors of 2393.
2393
What are the prime factors of 4034?
2, 2017
What are the prime factors of 1930?
2, 5, 193
List the prime factors of 1873.
1873
List the prime factors of 17188.
2, 4297
List the prime factors of 31717.
7, 23, 197
What are the prime factors of 540?
2, 3, 5
List the prime factors of 60775.
5, 11, 13, 17
List the prime factors of 67970.
2, 5, 7, 971
What are the prime factors of 47546?
2, 23773
What are the prime factors of 605?
5, 11
What are the prime factors of 7083?
3, 787
What are the prime factors of 155109?
3, 149, 347
List the prime factors of 5992.
2, 7, 107
What are the prime factors of 233?
233
List the prime factors of 11944.
2, 1493
List the prime factors of 52962.
2, 3, 7, 13, 97
List the prime factors of 5498.
2, 2749
List the prime factors of 5131.
7, 733
What are the prime factors of 45814?
2, 22907
List the prime factors of 2183.
37, 59
What are the prime factors of 111679?
29, 3851
List the prime factors of 28969.
59, 491
List the prime factors of 1157.
13, 89
List the prime factors of 4848.
2, 3, 101
What are the prime factors of 15621?
3, 41, 127
List the prime factors of 31988.
2, 11, 727
What are the prime factors of 25344?
2, 3, 11
List the prime factors of 4782.
2, 3, 797
List the prime factors of 3550.
2, 5, 71
List the prime factors of 657.
3, 73
List the prime factors of 27187.
31, 877
What are the prime factors of 1100?
2, 5, 11
List the prime factors of 8882.
2, 4441
List the prime factors of 99056.
2, 41, 151
What are the prime factors of 11504?
2, 719
List the prime factors of 9071.
47, 193
List the prime factors of 39066.
2, 3, 17, 383
List the prime factors of 99038.
2, 23, 2153
What are the prime factors of 53036?
2, 13259
What are the prime factors of 4356?
2, 3, 11
What are the prime factors of 2176?
2, 17
List the prime factors of 3182.
2, 37, 43
List the prime factors of 4.
2
What are the prime factors of 5078?
2, 2539
List the prime factors of 5174.
2, 13, 199
What are the prime factors of 8926?
2, 4463
What are the prime factors of 1102?
2, 19, 29
List the prime factors of 89934.
2, 3, 13, 1153
What are the prime factors of 3253?
3253
List the prime factors of 14566.
2, 7283
What are the prime factors of 17507?
7, 41, 61
List the prime factors of 4761.
3, 23
What are the prime factors of 190370?
2, 5, 19037
List the prime factors of 35271.
3, 3919
What are the prime factors of 727?
727
List the prime factors of 1095.
3, 5, 73
List the prime factors of 940.
2, 5, 47
List the prime factors of 46857.
3, 15619
List the prime factors of 3257.
3257
List the prime factors of 28980.
2, 3, 5, 7, 23
List the prime factors of 86243.
86243
What are the prime factors of 11131?
11131
What are the prime factors of 9771?
3, 3257
What are the prime factors of 462?
2, 3, 7, 11
List the prime factors of 1130.
2, 5, 113
List the prime factors of 1082.
2, 541
List the prime factors of 38964.
2, 3, 17, 191
List the prime factors of 969.
3, 17, 19
What are the prime factors of 151?
151
List the prime factors of 5484.
2, 3, 457
List the prime factors of 348.
2, 3, 29
List the prime factors of 4725.
3, 5, 7
List the prime factors of 5980.
2, 5, 13, 23
What are the prime factors of 1335?
3, 5, 89
What are the prime factors of 1382?
2, 691
List the prime factors of 69783.
3, 7, 3323
What are the prime factors of 4842?
2, 3, 269
List the prime factors of 29412.
2, 3, 19, 43
List the prime factors of 74508.
2, 3, 7, 887
What are the prime factors of 540?
2, 3, 5
List the prime factors of 5850.
2, 3, 5, 13
List th